 g?
9
Suppose 217 = -2*d - d - 4*h, 0 = 4*d - 2*h + 282. Let l = d - -122. What is the tens digit of l?
5
Let r be 54*1*7/14. Let s be -3*3/r*129. Let h = s + 75. What is the tens digit of h?
3
Suppose -m - 1 = -4. Suppose -261 = -4*f + 5*j, -172 = -m*f - 4*j + 47. What is the units digit of f?
9
Let c be -1 - (-2 - 6)/4. What is the units digit of c/(1*(-2)/(-42))?
1
Suppose 3*b + 2 = -4*z, -2*b - 6 = -b - 4*z. What is the tens digit of (6/b - -3) + 58?
5
Let l(h) = 2*h**3 - 4*h**2 - h - 1. Let z be l(3). Let g be 336/8*12/z. What is the tens digit of g + 8/(-12)*3?
3
Let a(q) = -7*q - 3. Let d be a(-10). What is the units digit of (-1)/((-68)/d - -1)?
7
Let w = -8 + 13. Suppose 0 = -s + 11 + w. Let m = s - -1. What is the tens digit of m?
1
Let s be ((-4)/(-1))/(2/4). What is the tens digit of 318/s - (-2)/8?
4
Let u be (-7)/((-56)/(-12))*14/(-3). Suppose -4*h - 205 = -c, -u*h + 8*h = -1. What is the units digit of c?
1
Let x(k) be the first derivative of k**4/24 + k**3/3 - 3*k**2/2 - 3. Let g(q) be the second derivative of x(q). What is the units digit of g(7)?
9
Let m = 11 - 61. Let n be m/(-20)*(-6)/(-5). Suppose n*r = 6*r - 57. What is the tens digit of r?
1
Let o be (-2)/(-3) + (-912)/(-36). Suppose 0 = -p + 2*y + o, -p - 4*y = -4*p + 70. What is the tens digit of 795/18 + (-3)/p?
4
Suppose -2*i - 5*t + 1976 = 2*i, -4*t - 1014 = -2*i. Suppose -4*x - 59 = -i. What is the hundreds digit of x?
1
What is the units digit of (-4)/(-8) + -1 - 1965/(-10)?
6
Let b(s) = -s**2 - 9*s + 10. Let z be -2 - -4 - (5 - -4). Let u = -14 - z. What is the units digit of b(u)?
4
Suppose 4*d = -5*o + 2*d + 8284, 8270 = 5*o - 5*d. What is the units digit of o?
6
Suppose -4*v + 4*c + c - 84 = 0, -42 = 2*v - 3*c. Let j = v + 54. Let i = -22 + j. What is the units digit of i?
1
Let h(m) = m**2 + 5*m - 5. Let n(o) = o**2 + 4*o - 4. Let b(c) = -5*h(c) + 6*n(c). Let f be b(-2). Let w = 0 + f. What is the units digit of w?
7
Suppose 13*q - 4*v - 2202 = 12*q, 0 = -4*q + 4*v + 8856. What is the thousands digit of q?
2
Suppose -2*v = -3*a + 2 - 4, -5*a = 3*v - 3. Let m be (v + -1)*(-1)/2. Suppose m = -2*p - 2*p + 8. What is the units digit of p?
2
Let q be (8/14)/(4/14). Let n(y) = -31*y + 1. Let p be n(-1). Suppose 2*l + q*l - p = 0. What is the units digit of l?
8
Suppose -6*k + r + 265 = -k, 4*k - 5*r - 191 = 0. Let q = k + -2. What is the units digit of q?
2
Let y = 11 - 9. Let l(t) = t**2 - 2*t + 3. Let h be l(y). What is the tens digit of (-2 + h)/((-1)/(-18))?
1
Let t(y) = -8*y + 9. Suppose 3*i - 10 - 17 = -3*d, 2*d = 6. Let r be t(i). What is the units digit of r*(16/(-12))/4?
3
Let m(o) = 52*o - 5. Let y(g) = -5*g + 46. Let i be y(9). What is the units digit of m(i)?
7
Let w(x) = 753*x**2 + 8*x - 9. Let d be w(1). Let h = -458 + d. What is the tens digit of h?
9
Let o = -29 + -79. Let f = 174 + o. What is the tens digit of f?
6
Suppose 23*r - 327 = 41. What is the units digit of r?
6
Let c = 22 - 20. Let l be c + 1 + -1 - 6. What is the units digit of ((-196)/12 + l)*-3?
1
Let i = -100 - -68. What is the units digit of 48*(-4 - i/6)?
4
Suppose -24*k + 53430 = 2*k. What is the thousands digit of k?
2
Let w(m) = 0*m**2 + 1 + 7*m**3 + 2*m**3 - m**2 - m. Let b be w(2). Let y = b + -40. What is the tens digit of y?
2
Let j(p) = 3*p**2 - 20*p + 18. What is the hundreds digit of j(14)?
3
Suppose -k + 4*b = 301, 4*k + 1460 = -k + 5*b. Let f = 427 + k. What is the hundreds digit of f?
1
Let x(z) = 4 + 3*z - 2*z - 2*z + 2*z. Let p be x(0). Suppose p*m - 28 = -v, 3*v - m = -0*v + 45. What is the tens digit of v?
1
What is the hundreds digit of (-565)/1*2/(14/(-7))?
5
Suppose 0 = -l - 4 + 7. Suppose 9 = 15*m - 6*m. What is the tens digit of l/(((-12)/(-68))/m)?
1
Suppose 0 = p + 3*p - 140. Let q = -2 - -7. Suppose -q*x = -10 - p. What is the units digit of x?
9
Suppose 222*h = 277*h - 69960. What is the tens digit of h?
7
Suppose -4*o + 4*u = -412, -5*u = 4*o - 0*o - 457. What is the tens digit of o/8*(-6)/9*-3?
2
Suppose -n = 7 - 4. What is the units digit of ((-4)/(-2) - -113) + n?
2
Suppose -26*i = -31*i - 5*y + 2070, 0 = -i + 2*y + 411. What is the hundreds digit of i?
4
Let g be (-1130)/35 - 6/(-21). What is the units digit of -4 - g - (-1)/1?
9
Suppose -2*o - 14 = -5*z, -3*o = -8*o - z - 62. Let h = -7 - o. Suppose -y = -2*m - h*y + 36, 4*m + 4*y = 68. What is the tens digit of m?
1
Let r(c) = 4*c**2 + 8*c + 18. Let w be r(9). Let q = -288 + w. What is the hundreds digit of q?
1
Let q(w) = -3*w**2 + 2*w + 1. Let r be q(-4). Let p = r - -81. What is the tens digit of p?
2
Let s(v) = 2*v + 13. Let j(g) = g + 1. Let l(f) = 3*j(f) - s(f). Let q be l(13). Suppose 3 = -3*m, q*m - m = -n + 5. What is the units digit of n?
7
Suppose -3*t - 4*a = -1620, -5*a - 343 = -t + 216. What is the units digit of t?
4
Let d be 370/4*(-8)/(-5). Suppose -2*y - 3*y + 10 = 2*m, -2*y = -4*m + 20. Suppose 4*h - 3*b - 2*b - 111 = 0, -m*h - 3*b = -d. What is the tens digit of h?
2
Suppose 10*q = 668 + 3082. What is the hundreds digit of q?
3
Suppose 6*d = -166 + 3556. What is the hundreds digit of d?
5
Let z(s) = -s**3 - 8*s**2 + 9*s + 6. Let k be z(-9). Suppose -k*g + 2*g = -44. What is the units digit of g?
1
Let s(l) = -7*l**3 + 2*l**2 - 1. Let w be s(-1). Suppose -11*b + 108 = -w*b. Let i = b + -2. What is the units digit of i?
4
Let a(x) = -x**2 + 2*x - 6. Let k be a(3). Let d(w) = w**2 + 4*w - 11. What is the tens digit of d(k)?
3
Let k be ((-20)/(-6))/(2/36). Suppose 2*j = 8*j - k. What is the units digit of j?
0
Let f(g) = 282*g + 6. What is the units digit of f(2)?
0
Suppose 173 = -22*y + 1185. What is the tens digit of y?
4
Suppose a + 4*t - 236 = 1452, -2*a + 4*t + 3424 = 0. What is the hundreds digit of a?
7
Suppose 3*d - m - 5556 = m, -2*d - 2*m + 3694 = 0. Suppose 0 = -4*t - t + d. Suppose 0*f - t = -5*f. What is the units digit of f?
4
Let s = 25 - 23. Let x(p) = 33*p + 2. What is the units digit of x(s)?
8
Suppose -3236 = -5*g + 144. What is the tens digit of g?
7
Suppose 2*i - 7*t = -4*t + 3931, 0 = 2*i + 4*t - 3952. What is the units digit of i?
0
Let n(z) = -7*z**3 - 8*z**2 + 19*z + 55. What is the units digit of n(-7)?
1
Suppose 4*f = -12, 2*f - 7361 = -r - 2284. What is the tens digit of r?
8
Suppose 0*j - j + 2*x = 0, 2*x = 2*j + 4. Let c be (-1)/(j + (-19)/(-5)). Suppose 0 = 6*d - c*d - 1. What is the units digit of d?
1
Let g(k) = 2*k**2 + 16*k - 6. Let n(c) = c**2 + 7*c. Let t be n(-4). Let b be g(t). Suppose 2*p + 3*v - 5 = b, 5*p + 4*v = 234. What is the units digit of p?
6
Suppose -3*b + 1768 = 5*d, 7*b + 1180 = 9*b + 3*d. What is the hundreds digit of b?
5
Suppose z = -3*h + 2803, -4*z - 5805 = -3*h - 16957. What is the tens digit of z?
9
Let o = -4159 - -7193. What is the units digit of o?
4
Suppose -y + 6*y - 132 = 4*m, 0 = -5*y + m + 138. What is the tens digit of y?
2
Let r(h) = -h**2 - 4*h - 2. Let s be r(-4). What is the units digit of s/(4 - 2)*-49?
9
Suppose -t = -d + t, 0 = -2*d - 5*t. Suppose d = -5*y + y + 196. What is the units digit of y?
9
Let d(n) = n**3 + 7*n**2 + 4*n + 8. Suppose -4*g - 6 + 57 = -3*i, 4*g = -5*i + 43. Let q = 6 - g. What is the units digit of d(q)?
0
Let x = 27 + -49. Let w = -8 - x. Let h = w - 13. What is the units digit of h?
1
Suppose -i = -5*q + 151 + 13, -4*i + 2*q - 620 = 0. What is the units digit of (i/3)/((-1)/3) + -4?
0
Suppose 2*d - 7*d = -5*q + 20, 2 = 3*q - d. Let h(s) = -24*s**3 - s**2 - s - 1. What is the units digit of h(q)?
3
Let m(v) = -9 - 8 - 58*v - 7 + 22. What is the tens digit of m(-1)?
5
Suppose -21*j + 12*j + 2988 = 0. What is the hundreds digit of j?
3
Suppose 317 = 4*l - 3*m - 328, 0 = -3*l - m + 487. What is the hundreds digit of l?
1
Let j be 4/(-4) - (0 - 1). Let q be (j - 0)*1 - -2. Suppose q*s - 3*s = 5*u - 268, 2*u + 5*s = 121. What is the tens digit of u?
5
Let o = -159 - -701. What is the hundreds digit of o?
5
Suppose 5*p + x - 70 = -0*p, 2*p + 5*x = 5. Let u = p - 11. Suppose u*l - 2*w = 76, 4*w - 3 + 19 = 0. What is the units digit of l?
7
Suppose 590 - 1742 = 6*f. Let o = f - -297. What is the units digit of o?
5
Suppose -23 - 77 = -2*n. Let g(c) = -n*c + 12 + 19*c - 16. What is the units digit of g(-2)?
8
Let m(g) = 7*g**3 - g**2 - 3*g - 4. Suppose -2*p + 5*p = 9. What is the tens digit 